{"id":373,"date":"2021-04-14T16:00:25","date_gmt":"2021-04-14T14:00:25","guid":{"rendered":"http:\/\/dominiquejorge.fr\/?page_id=373"},"modified":"2022-10-24T19:08:04","modified_gmt":"2022-10-24T17:08:04","slug":"sons","status":"publish","type":"page","link":"https:\/\/dominiquejorge.fr\/index.php\/sons\/","title":{"rendered":"Sons"},"content":{"rendered":"\n<p><br>Voici au moins deux compositions \u00e0 vous mettre entre les oreilles !<\/p>\n\n\n\n<figure class=\"wp-block-image size-full\"><img loading=\"lazy\" decoding=\"async\" width=\"1024\" height=\"312\" src=\"http:\/\/dominiquejorge.fr\/wp-content\/uploads\/2022\/05\/Bandeau-DJO.jpg\" alt=\"\" class=\"wp-image-572\"\/><\/figure>\n\n\n\n<div style=\"height:50px\" aria-hidden=\"true\" class=\"wp-block-spacer\"><\/div>\n\n\n\n<p>En attendant de trouver bient\u00f4t ici des liens vers des plateformes de streaming, mais peut-\u00eatre aussi quelques extraits d&rsquo;in\u00e9dits ou de morceaux en cours de composition.<\/p>\n\n\n\n<figure class=\"wp-block-audio\"><audio controls src=\"http:\/\/dominiquejorge.fr\/wp-content\/uploads\/2021\/04\/Morceau-02.mp3\"><\/audio><figcaption><strong>New Dawn<\/strong><\/figcaption><\/figure>\n\n\n\n<figure class=\"wp-block-audio\"><audio controls src=\"http:\/\/dominiquejorge.fr\/wp-content\/uploads\/2022\/05\/Morceau-03-V2.mp3\"><\/audio><figcaption><strong>Dancing Violins<\/strong><\/figcaption><\/figure>\n\n\n\n<div style=\"height:30px\" aria-hidden=\"true\" class=\"wp-block-spacer\"><\/div>\n\n\n\n<p>Pour ceux que l&rsquo;accouchement des morceaux int\u00e9resse, vous pourrez entendre ci-dessous les lignes d&rsquo;accords de ces deux tracks, telles qu&rsquo;elles sont sorties de ma t\u00eate lors de s\u00e9ances au piano, puis rapidement enregistr\u00e9es, brutes de d\u00e9coffrage, afin de ne pas les oublier.<br>A ce moment l\u00e0, je n&rsquo;imaginais certainement pas ce qu&rsquo;elles allaient donner, ni m\u00eame si elles allaient servir, c&rsquo;\u00e9tait juste des grilles que je stockais dans mon ordi, parmi plein d&rsquo;autres ! <\/p>\n\n\n\n<figure class=\"wp-block-audio\"><audio controls src=\"http:\/\/dominiquejorge.fr\/wp-content\/uploads\/2022\/05\/Joli-morceau-New-Dawn.mp3\"><\/audio><figcaption>Premi\u00e8re version de travail de ce qui allait devenir <strong>New Dawn<\/strong> (piano)<\/figcaption><\/figure>\n\n\n\n<figure class=\"wp-block-audio\"><audio controls src=\"http:\/\/dominiquejorge.fr\/wp-content\/uploads\/2022\/05\/Petit-Clown-Dancing-Violins-.mp3\"><\/audio><figcaption>Premi\u00e8re version de travail de ce qui allait devenir <strong>Dancing Violins<\/strong> (piano)<\/figcaption><\/figure>\n\n\n\n<div style=\"height:46px\" aria-hidden=\"true\" class=\"wp-block-spacer\"><\/div>\n\n\n\n<blockquote class=\"wp-block-quote is-layout-flow wp-block-quote-is-layout-flow\"><p>L&rsquo;int\u00e9gral du dernier album (et quelques autres plus anciens) est \u00e9coutable gratuitement sur <a rel=\"noreferrer noopener\" href=\"https:\/\/www.jamendo.com\/album\/499962\/d-o-iii\" target=\"_blank\">Jamendo Music<\/a>, \u00a0l\u2019un des principaux sites de diffusion des musiciens ind\u00e9pendants.<\/p><\/blockquote>\n","protected":false},"excerpt":{"rendered":"<p>Voici au moins deux compositions \u00e0 vous mettre entre les oreilles ! En attendant de trouver bient\u00f4t ici des liens vers des plateformes de streaming, mais peut-\u00eatre aussi quelques extraits d&rsquo;in\u00e9dits ou de morceaux en cours de composition. Pour ceux que l&rsquo;accouchement des morceaux int\u00e9resse, vous pourrez entendre ci-dessous les lignes d&rsquo;accords de ces deux &hellip; <\/p>\n<p class=\"link-more\"><a href=\"https:\/\/dominiquejorge.fr\/index.php\/sons\/\" class=\"more-link\">Continue reading<span class=\"screen-reader-text\"> \u00ab\u00a0Sons\u00a0\u00bb<\/span><\/a><\/p>\n","protected":false},"author":1,"featured_media":0,"parent":0,"menu_order":0,"comment_status":"closed","ping_status":"closed","template":"","meta":{"footnotes":""},"class_list":["post-373","page","type-page","status-publish","hentry"],"_links":{"self":[{"href":"https:\/\/dominiquejorge.fr\/index.php\/wp-json\/wp\/v2\/pages\/373","targetHints":{"allow":["GET"]}}],"collection":[{"href":"https:\/\/dominiquejorge.fr\/index.php\/wp-json\/wp\/v2\/pages"}],"about":[{"href":"https:\/\/dominiquejorge.fr\/index.php\/wp-json\/wp\/v2\/types\/page"}],"author":[{"embeddable":true,"href":"https:\/\/dominiquejorge.fr\/index.php\/wp-json\/wp\/v2\/users\/1"}],"replies":[{"embeddable":true,"href":"https:\/\/dominiquejorge.fr\/index.php\/wp-json\/wp\/v2\/comments?post=373"}],"version-history":[{"count":13,"href":"https:\/\/dominiquejorge.fr\/index.php\/wp-json\/wp\/v2\/pages\/373\/revisions"}],"predecessor-version":[{"id":611,"href":"https:\/\/dominiquejorge.fr\/index.php\/wp-json\/wp\/v2\/pages\/373\/revisions\/611"}],"wp:attachment":[{"href":"https:\/\/dominiquejorge.fr\/index.php\/wp-json\/wp\/v2\/media?parent=373"}],"curies":[{"name":"wp","href":"https:\/\/api.w.org\/{rel}","templated":true}]}}